)?
2
Let p be 3 + -3 - (-15 + 2). Suppose -5*y + 17 + p = -5*z, 3*y - 10 = 5*z. Let u = 13 + y. What is the tens digit of u?
2
What is the units digit of (-3 + 942/24)*16?
0
Let p = -158 - -1911. What is the units digit of p?
3
Suppose -3*v = 4*w + 22, -v = v - w. Let z be (7 - 0) + v + -1. Suppose z*d - 53 = 7. What is the tens digit of d?
1
Let r(t) = 17*t**3 + 2*t**2 - t - 9. What is the hundreds digit of r(3)?
4
Let r = -16 - -18. Suppose 0 = -r*h + 47 + 737. Suppose 6*q + 50 = h. What is the units digit of q?
7
Let r(q) = 100*q**2 - 19*q - 63. What is the hundreds digit of r(-5)?
5
Let f(w) = w**2 + 5*w + 45. What is the tens digit of f(10)?
9
Suppose 2772 = 43*p - 40*p. What is the units digit of p?
4
Let c = 45 + -50. Let d = 100 - c. What is the units digit of d?
5
Suppose -2*b = 5*z + 31, 3*z - 3 = -0*z. Let n = 31 + b. Let i(s) = -s**2 + 12*s + 17. What is the units digit of i(n)?
4
Let z = -54 - -96. Let w(b) = -b**2 + 6*b - 4. Let a be w(4). Suppose -a = -2*f + z. What is the units digit of f?
3
Let c = -10 - -13. What is the tens digit of c*(-2)/12*-38?
1
Let i = 117 - 7. Let g = 155 - i. What is the units digit of g?
5
Let w(p) = 13*p**3 + p**2 - 2*p - 17. Let u(k) = -6*k**3 + k + 8. Let z(r) = -9*u(r) - 4*w(r). What is the tens digit of z(4)?
5
Let a = -652 - -1157. What is the units digit of a?
5
Let z be 6/(-4)*(-9140)/30. Let p = z + -312. What is the tens digit of p?
4
Let v = 182 - -196. What is the hundreds digit of v?
3
Let m = 4482 - 2088. What is the tens digit of m?
9
Suppose -43*d = -38*d - 1760. Suppose 4*o - k - 108 = d, 2*o - 3*k = 230. What is the hundreds digit of o?
1
Let c(y) = 3*y**2 - 6*y + 6 - 5*y - y**2. Let b = -12 - -20. What is the tens digit of c(b)?
4
Let k be -7 - (4 + -2 + -3). Let i(n) = 3*n**2 + 7*n - 2. What is the units digit of i(k)?
4
Suppose 8 = -5*r - 3*c + 1, -3*r = 5*c + 17. Let s be r/((-1)/((-8)/4)). Suppose 0*p - 42 = -s*p. What is the units digit of p?
1
Let v be -3 + 4 + (-644)/(-2). Suppose -v = -5*w + 932. What is the units digit of w?
1
Let k be ((-2 - -4) + -2)/2. Suppose -4*m - 6 = -22. Suppose k = 9*s - m*s - 85. What is the tens digit of s?
1
Let o = -82 + 53. Suppose -5*v - 60 = -2*i + 47, i - 5*v - 66 = 0. Let n = i - o. What is the tens digit of n?
7
Let c(w) = w**3 + 3*w**2 - 4*w + 5. Let t be c(-4). Let s = 2 + t. What is the units digit of s?
7
Suppose 189 = -2*c + 5*x, -2*c - 2*x + 16 - 184 = 0. Let d = -78 - c. What is the units digit of d?
9
Let d(z) = z**2 + 19*z + 16. Suppose -9*v = 91 + 134. What is the tens digit of d(v)?
6
Let f(s) = 6*s**3 - 3*s + 2. Suppose -3*v - 6 = -9. What is the units digit of f(v)?
5
Let h(z) = -35*z + 3. Let n(v) = v - 1. Let l(g) = -h(g) - 5*n(g). What is the units digit of l(3)?
2
Suppose 0 = -y - 0*y - 4. What is the units digit of (-11 + y)/(1 - 8/6)?
5
What is the thousands digit of (8 - (-19032)/(-60))/(1/(-5))?
1
Let o = 32 + -6. What is the units digit of o?
6
Let u = 175 + -114. What is the units digit of u?
1
Suppose -6*u + 5 + 7 = 0. Suppose -3*o = 4*r - 189, -3*o - u*r + 198 = -r. What is the tens digit of o?
6
Let x(z) be the first derivative of -7*z**2/2 + 48*z + 39. What is the hundreds digit of x(-10)?
1
Suppose -6 = 3*i, 0*d + 2*i = d - 147. Let t = -44 + d. What is the tens digit of t?
9
Let s(z) = z**2 - 12*z + 24. Suppose 13 = 57*a - 56*a. What is the units digit of s(a)?
7
Let g be 1/(-2) + (-55)/(-22). Let p(w) = -4 + g + 9 + w + 0*w. What is the units digit of p(-3)?
4
Suppose -3*y = -5*f - 39, -4*f + 0*y - 21 = y. Let x be (-14)/4*(4 - f). Let w = -17 - x. What is the units digit of w?
8
Let t(y) = -y**2 - 7*y + 7. Let s be t(-7). Suppose -6*f - 201 = -s*f. What is the units digit of f?
1
Let m(w) = 2*w**2 - 8*w + 8. Let p be m(5). Suppose -78 = -4*a - p. What is the tens digit of (-57)/(-2)*20/a?
3
Let u = 286 - -1882. What is the tens digit of (-2)/12 - u/(-48)?
4
Suppose 4*h - 879 = h. What is the hundreds digit of h?
2
Suppose -12*g + 2439 = -861. What is the hundreds digit of g?
2
Let p be (1 - 0) + (-1740)/(-10). Suppose 0 = -3*r + p + 44. What is the tens digit of r?
7
Let i = -23 - -117. Suppose 3 + i = d. What is the units digit of d?
7
Suppose 0*k = -5*k + 4*w - 10, 7 = k + w. Let o(i) = 9*i - 3 + 1 + k. What is the tens digit of o(2)?
1
Let u = -23 + 13. Let k = -6 - u. Suppose 0 = h + 3*g - 47, g + 211 = 5*h + k*g. What is the units digit of h?
1
Let a(o) = o**3 - 5*o**2 + o + 2. Let q be a(5). Let n = q + -4. Suppose n*v - 57 = -3. What is the tens digit of v?
1
Suppose 5*k - 7*k - h - 95 = 0, 0 = -3*h + 15. Suppose -3*i = 0, 17 = 2*l - 3*l + 3*i. Let q = l - k. What is the units digit of q?
3
Let b = 514 - -58. What is the units digit of b?
2
Let l be (-1)/(-3) + (-5)/(-3). Let b be (4 - l)/(4/(-32)). What is the tens digit of 13/(-3 + b/(-4))?
1
Let m(d) = -1040*d - 19. What is the hundreds digit of m(-2)?
0
Let r(z) = -z**3 - 8*z**2 - 6*z - 3. Let c(p) = -p**3 + 9*p**2 - 8*p + 3. Let i be c(8). Suppose 13 = -2*n - i. What is the tens digit of r(n)?
4
Let z(o) = -o + 3. Let c be z(0). Suppose 5 - 2 = -3*d - w, 0 = -c*w - 9. Suppose a - 6 + 0 = d. What is the units digit of a?
6
What is the thousands digit of 1780 + (1 - (-1 + 6))?
1
Suppose 0 = -5*j + 3*f + 544, 5*j + 0*j - 558 = -4*f. Let a = j + -58. What is the units digit of a?
2
Let r be 44/16 - (-3)/12. Suppose -r*u + 290 = b - 268, 2*u = b + 377. What is the hundreds digit of u?
1
Let f be (36/10)/(14/(-35)). Let g(i) = i**2 + 9*i + 2. Let r be g(f). What is the units digit of (r + -5)/((-3)/4)?
4
Let a be (-8)/(-20) + (-16)/(-10). Suppose 6*h + a = 7*h. Suppose 0 = h*j - 3*j + 64. What is the tens digit of j?
6
Let w = 805 + 111. Suppose 3*p - 531 = -5*n + 621, -p + w = 4*n. What is the hundreds digit of n?
2
Let i(z) = 2*z. Let y be i(-3). Let g(m) = -17*m + 34. What is the hundreds digit of g(y)?
1
Suppose -5*f = -58*m + 62*m - 4082, -4*m = -2*f - 4096. What is the units digit of m?
3
Let d(b) = -b**3 + 9*b**2 + 2. Let u be d(9). Suppose -5*k = 2*s - 18, -u*s + 3*k - 2 = -4. Suppose 95 = 5*j - s*c + c, 0 = 2*c. What is the units digit of j?
9
Suppose 0*p + 300 = -4*m + p, -3*p = -m - 75. What is the units digit of 60/m + 38/10?
3
Let n(p) = -9*p**3 + p**2 + 9*p. What is the hundreds digit of n(-4)?
5
What is the units digit of (-131)/(-655) - (53964/(-10))/3?
9
Let d = 616 - 869. Let l = d - -382. What is the units digit of l?
9
Let t = 36 + 39. Suppose -5*p + 8 = u - 340, 2*u = -p + t. Let x = p - 34. What is the units digit of x?
5
Suppose 0 = -2*o - 18 - 0. Let t = o - -7. What is the units digit of 0 - -6*(-1)/t?
3
Let m(o) = o + 12. Let k(j) = j + 12. Let l be k(-10). Suppose 0*s - l*g - 4 = -3*s, 2 = -g. What is the tens digit of m(s)?
1
Suppose -4*l - 2 = -94. Let g = l - -9. Let n = -6 + g. What is the units digit of n?
6
Let q be (-1)/(-5) - (-1578)/10. Let z = 240 - q. What is the units digit of z?
2
Suppose -4*t - 184 - 4 = -4*v, 5*v - 259 = -3*t. Let b(m) = m + 4. Let q be b(-4). Suppose 0 = -5*f - q*f + v. What is the tens digit of f?
1
Suppose 50*w - 23*w = 540. Suppose 0 = b - 4*o, -9 + 59 = -5*b - 5*o. Let q = w - b. What is the tens digit of q?
2
Let s be (-2)/(-2)*(4 - -1). Suppose -3*o = 3*i - 9, -7 = -s*o + 3*o - i. What is the tens digit of 0 + (-3 + o - -26)?
2
Let d = -6 + 14. Let c be (-15)/10*d/(-6). Suppose -4*v = -c*v - 5*l - 12, 2*l + 40 = 4*v. What is the tens digit of v?
1
Suppose -126*c + 7308 = -117*c. What is the hundreds digit of c?
8
Let b = -61 + 3. Let z = 31 + b. What is the tens digit of (-18)/z + 112/3?
3
Let o(w) = -w + 1. Let r = 11 - 12. Let g(b) = -3*b**2 + b - 2. Let y(n) = r*g(n) - 5*o(n). What is the tens digit of y(2)?
1
Let j be (-1)/(-3) + 4176/27. Let b = 2 + j. What is the hundreds digit of b?
1
Suppose -90 = 3*j - 8*j. Let a be ((-10)/6)/((-6)/j). Suppose 4*c + a + 9 = 2*v, -4 = -v - c. What is the units digit of v?
5
Suppose 151 - 1063 = -3*k. What is the tens digit of k?
0
Suppose -12*h + 8*h = -12. Suppose -j - 5 = -p - p, 5*p = h*j + 13. Suppose -102 = -p*i + 4*t, 4*i - 226 = -0*t - 3*t. What is the units digit of i?
5
Suppose -759*k - 4056 = -767*k. What is the tens digit of k?
0
Suppose -4*z - 14*v = -9*v - 3295, 0 = -2*z - 2*v + 1648. What is the hundreds digit of z?
8
Suppose 